e?
False
Is 26956519 prime?
True
Is 615649 a prime number?
False
Is 3812569 prime?
True
Is 28939751 prime?
False
Is 25701691 prime?
True
Is 337667 a composite number?
True
Is 56919539 a composite number?
False
Is 4802189 a prime number?
False
Is 5490839 a composite number?
False
Is 2169718 prime?
False
Is 33570157 composite?
False
Is 545963 composite?
True
Is 30026639 a prime number?
True
Is 7426318 a prime number?
False
Is 19244191 a composite number?
True
Is 157661291 a prime number?
True
Is 1289707 a composite number?
True
Is 246049 a composite number?
False
Is 599129 composite?
True
Is 2315991 prime?
False
Is 14150739 prime?
False
Is 10801459 a prime number?
True
Is 84790051 a composite number?
True
Is 845399 composite?
True
Is 25680287 a prime number?
True
Is 29833201 a prime number?
True
Is 1504213 a prime number?
False
Is 170697851 a prime number?
True
Is 586649959 prime?
False
Is 5776163 a composite number?
False
Is 2225047 composite?
True
Is 94111721 a composite number?
True
Is 62099959 a composite number?
False
Is 3846389 a composite number?
False
Is 12665021 a prime number?
False
Is 10352429 prime?
False
Is 751619885 prime?
False
Is 154897 a prime number?
True
Is 24912161 prime?
True
Is 6227959 a composite number?
False
Is 1233179 a prime number?
True
Is 3812509 a composite number?
True
Is 40994117 composite?
True
Is 4268213 a composite number?
False
Is 13955509 a composite number?
False
Is 88553651 prime?
True
Is 44077567 a composite number?
True
Is 6228413 a prime number?
True
Is 289991197 prime?
True
Is 161305 prime?
False
Is 80249269 a composite number?
True
Is 100811159 composite?
False
Is 393306349 a composite number?
False
Is 5547838 a composite number?
True
Is 45466077 composite?
True
Is 36454983 composite?
True
Is 52605697 a prime number?
True
Is 2198485 composite?
True
Is 50332771 a composite number?
True
Is 16086649 composite?
False
Is 36603773 prime?
True
Is 54959591 a prime number?
False
Is 3018797 a composite number?
True
Is 9285631 prime?
False
Is 139663283 composite?
False
Is 331772789 a composite number?
True
Is 625488349 a composite number?
True
Is 91974626 a composite number?
True
Is 7898767 prime?
True
Is 76284277 a composite number?
False
Is 12396779 prime?
True
Is 3506473 a composite number?
True
Is 9586403 a composite number?
False
Is 115812569 prime?
False
Is 3055411 composite?
True
Is 1789387 composite?
True
Is 92751409 a composite number?
False
Is 8368877 composite?
True
Is 6298751 composite?
False
Is 3429331 a prime number?
True
Is 542261 a prime number?
True
Is 14278949 a prime number?
True
Is 7899233 a prime number?
False
Is 722647 a composite number?
True
Is 391396769 composite?
False
Is 19355627 composite?
True
Is 55830883 a prime number?
True
Is 786883 prime?
False
Is 2235671 prime?
True
Is 250539407 prime?
True
Is 6819971 composite?
True
Is 58652441 composite?
False
Is 18903587 a prime number?
True
Is 127995961 prime?
True
Is 33197147 a prime number?
True
Is 429777193 a composite number?
False
Is 77653733 composite?
False
Is 24479261 a composite number?
False
Is 28781873 prime?
True
Is 59306929 a composite number?
True
Is 7692001 a composite number?
False
Is 13550333 a composite number?
True
Is 106145573 prime?
True
Is 6346691 prime?
False
Is 3976513 composite?
True
Is 57892553 composite?
False
Is 143694011 composite?
False
Is 1304283 a composite number?
True
Is 3189307 a prime number?
False
Is 25881691 composite?
True
Is 30662431 a prime number?
True
Is 3219211 a composite number?
True
Is 227956453 a composite number?
True
Is 2051821 a prime number?
True
Is 8108579 a composite number?
True
Is 256867 prime?
False
Is 17976449 a composite number?
False
Is 582796507 a prime number?
True
Is 37664167 composite?
False
Is 198826919 a prime number?
True
Is 17985991 composite?
False
Is 855384539 prime?
True
Is 34789849 a prime number?
True
Is 3317357 composite?
False
Is 76095259 a prime number?
True
Is 48098807 a composite number?
False
Is 57724643 prime?
True
Is 6283141 a composite number?
False
Is 1626398 prime?
False
Is 2962397 a prime number?
True
Is 560022083 composite?
True
Is 902351 composite?
False
Is 53965199 prime?
False
Is 1340593 prime?
False
Is 512103 composite?
True
Is 14341631 a prime number?
False
Is 4825393 prime?
False
Is 73256681 a composite number?
False
Is 525885335 composite?
True
Is 3173243 prime?
True
Is 14114395 a composite number?
True
Is 1557287 composite?
False
Is 69903403 a composite number?
True
Is 192795049 a composite number?
True
Is 8168629 a prime number?
False
Is 4015537 a composite number?
False
Is 84215 a prime number?
False
Is 65424727 a prime number?
True
Is 3769723 prime?
False
Is 739903 composite?
True
Is 2049029 a prime number?
False
Is 252313 composite?
False
Is 1778719 a prime number?
True
Is 1962637 composite?
False
Is 41066191 a composite number?
False
Is 4110217 composite?
False
Is 37968517 prime?
False
Is 2801419 composite?
True
Is 3297513 a prime number?
False
Is 6233327 prime?
True
Is 70940999 a composite number?
True
Is 2209619 prime?
False
Is 18556523 a composite number?
False
Is 1213241 prime?
True
Is 15269927 composite?
True
Is 30294742 prime?
False
Is 47139193 prime?
False
Is 734263 a prime number?
True
Is 104933 a prime number?
True
Is 300147193 a composite number?
True
Is 29609473 a composite number?
True
Is 43735753 a prime number?
False
Is 26288569 prime?
True
Is 46909199 prime?
True
Is 1794703 a prime number?
True
Is 1807205 a prime number?
False
Is 2395241 a composite number?
False
Is 2012133 a prime number?
False
Is 12953165 a prime number?
False
Is 2944837 composite?
True
Is 27465598 composite?
True
Is 223802779 prime?
False
Is 307442677 prime?
True
Is 3241907 composite?
True
Is 6495787 composite?
True
Is 1578149 prime?
False
Is 9655 composite?
True
Is 18931499 a prime number?
True
Is 7278419 composite?
True
Is 54812761 composite?
False
Is 2730913 a composite number?
True
Is 8298911 composite?
False
Is 33009253 a composite number?
True
Is 19517483 a composite number?
False
Is 2695493 prime?
True
Is 339294607 prime?
True
Is 1600629 composite?
True
Is 2383382 composite?
True
Is 57151 a composite number?
True
Is 98171121 prime?
False
Is 18513751 prime?
False
Is 1408486 composite?
True
Is 6538669 prime?
True
Is 7046947 composite?
True
Is 143182331 a prime number?
True
Is 1051811 a composite number?
False
Is 371699 composite?
False
Is 28254517 composite?
False
Is 78812297 prime?
True
Is 109307949 a prime number?
False
Is 65441 prime?
False
Is 111608981 prime?
False
Is 59324026 prime?
False
Is 2033758 a composite number?
True
Is 17533339 a prime number?
False
Is 142738867 prime?
True
Is 1147963 composite?
True
Is 730922 a prime number?
False
Is 8664431 composite?
False
Is 8671291 composite?
False
Is 2852297 a composite number?
True
Is 5426051 composite?
False
Is 257124341 a prime number?
True
Is 6917879 a composite number?
False
Is 36380573 prime?
False
Is 226757659 a prime number?
True
Is 543097 a composite number?
False
Is 684839 composite?
True
Is 2558671 a prime number?
True
Is 155909123 a composite number?
False
Is 25545889 composite?
False
Is 2098457 composite?
True
Is 360643 prime?
False
Is 359463007 composite?
True
Is 1833967 a prime number?
False
Is 15544871 a composite number?
True
Is 1928807 prime?
True
Is 826141 a prime number?
False
Is 71862361 a composite number?
True
Is 49996207 composite?
True
Is 890333 a prime number?
True
Is 6457034 prime?
False
Is 41434207 prime?
False
Is 20382787 a prime number?
True
Is 113858989 a prime number?
True
Is 4632281 a prime number?
True
Is 1164259689 a prime number?
False
Is 908179 prime?
True
Is 202300033 prime?
False
Is 6533897 prime?
False
Is 61959943 a prime number?
True
Is 182373313 a prime number?
False
Is 224016029 prime?
True
Is 1233061 prime?
False
Is 105848617 a composite number?
True
Is 971822401 a prime number?
False
Is 32625331 composite?
False
Is 7609069 composite?
True
Is 501521971 a composite number?
True
Is 22915583 prime?
True
Is 24792931 a prime number?
False
Is 351653017 prime?
False
Is 1607797 a prime number?
False
Is 104324261 a composite number?
False
Is 2813831 a composite number?
True
Is 89191241 prime?
False
Is 13155739 a prime number?
False
Is 16471261 a composite number?
T